
True
Is 1050243883 composite?
True
Is 4174751299 a composite number?
True
Is 49345623799 a prime number?
True
Is 9407798914 a prime number?
False
Is 12903975563 a prime number?
False
Is 246972749 a composite number?
False
Is 29721460037 prime?
True
Is 3425119961 prime?
True
Is 26623242523 a composite number?
False
Is 42631237 a composite number?
True
Is 927645671 composite?
False
Is 12390084601 composite?
True
Is 1000759427 a prime number?
False
Is 76119853661 prime?
True
Is 927817487 prime?
False
Is 185941571 a composite number?
False
Is 475768006313 a prime number?
True
Is 754243463 composite?
False
Is 32036087 prime?
True
Is 10095487387 prime?
False
Is 480232609 composite?
True
Is 557350799 a composite number?
False
Is 24883615087 composite?
True
Is 1809047885 a prime number?
False
Is 1539136199 a prime number?
False
Is 32680876511 a prime number?
True
Is 250124161 a prime number?
False
Is 1351098517 composite?
True
Is 313843961 a prime number?
True
Is 3739226837 a composite number?
True
Is 784379683 prime?
True
Is 7871909999 a prime number?
True
Is 152135739749 prime?
False
Is 673364411 composite?
True
Is 1023385099 composite?
True
Is 10529773214 a composite number?
True
Is 45456626717 a prime number?
True
Is 131375263 a composite number?
True
Is 1208822491 composite?
False
Is 18558066467 a prime number?
False
Is 735233469 composite?
True
Is 20236589 a prime number?
False
Is 128109503 a prime number?
False
Is 249450569 composite?
False
Is 1659842963 composite?
False
Is 6750788245 prime?
False
Is 1440829589 a composite number?
False
Is 424228163 composite?
True
Is 79306273 prime?
True
Is 5701046993 a composite number?
False
Is 2028670439 a composite number?
False
Is 772438657 a prime number?
False
Is 459650911 a composite number?
True
Is 24561968833 composite?
True
Is 4013606719 prime?
True
Is 829703617 a prime number?
True
Is 16160441 a prime number?
False
Is 2938934597 a prime number?
False
Is 41201520271 prime?
True
Is 35932178141 a composite number?
False
Is 42042201791 prime?
False
Is 169760483 a prime number?
False
Is 606443038 prime?
False
Is 17210558591 a composite number?
False
Is 24441572011 a composite number?
False
Is 721476749 a composite number?
True
Is 13239012379 a composite number?
False
Is 9915069713 composite?
False
Is 695771743 a composite number?
True
Is 21509856499 prime?
False
Is 47716697599 composite?
False
Is 2078618062 composite?
True
Is 716976151 a prime number?
True
Is 12337690621 a prime number?
False
Is 3022639667 a prime number?
True
Is 21432172787 composite?
True
Is 7224911 prime?
True
Is 44217809 prime?
True
Is 62493109957 prime?
True
Is 50719275653 composite?
True
Is 171561109 a composite number?
True
Is 4450497809 a composite number?
False
Is 237135551 a prime number?
False
Is 18059777299 composite?
True
Is 796386571 prime?
True
Is 206769209 composite?
True
Is 429119461 a prime number?
True
Is 3941363201 composite?
True
Is 165065783 a prime number?
True
Is 617546179 a composite number?
False
Is 10244513 a prime number?
True
Is 334624937 a prime number?
False
Is 4238796041 a composite number?
False
Is 8620015711 a prime number?
False
Is 20097481087 a composite number?
False
Is 29810585327 prime?
False
Is 93013241 prime?
True
Is 4624717003 composite?
True
Is 173653423 composite?
True
Is 107161877533 a composite number?
False
Is 163057526537 prime?
True
Is 8154817813 a composite number?
True
Is 3748156121 a prime number?
True
Is 141088492693 a prime number?
False
Is 42463181 composite?
True
Is 1719964214 prime?
False
Is 84427517 a prime number?
False
Is 6269595457 a composite number?
True
Is 30863172233 a composite number?
True
Is 212548981 prime?
True
Is 170230733 composite?
False
Is 3259525459 a prime number?
True
Is 8441940931 composite?
False
Is 1017021637 a prime number?
True
Is 271139943 composite?
True
Is 2847482933 a composite number?
False
Is 60739743661 composite?
True
Is 2792972027 a composite number?
False
Is 8939767541 a prime number?
True
Is 937058927 composite?
True
Is 18054146783 a composite number?
False
Is 353292683 composite?
False
Is 27686110063 a prime number?
False
Is 8530299985 a prime number?
False
Is 23330099921 a composite number?
False
Is 92709968711 a composite number?
False
Is 433340063 a composite number?
True
Is 9666149317 prime?
False
Is 37389052213 a composite number?
True
Is 149749784689 prime?
False
Is 3376034773 a prime number?
True
Is 361886615 prime?
False
Is 315884689 a prime number?
True
Is 371404083877 composite?
True
Is 196595899223 a composite number?
True
Is 24157181327 a composite number?
True
Is 9698700163 a composite number?
False
Is 908999218 prime?
False
Is 166612741 composite?
True
Is 850834454 a prime number?
False
Is 22780295573 composite?
True
Is 2263343699 a prime number?
True
Is 830558621 prime?
True
Is 1940786867 composite?
True
Is 1577356559 composite?
False
Is 5039237935 prime?
False
Is 43363314491 composite?
True
Is 1236593023 prime?
True
Is 443835877 composite?
True
Is 1096067387 composite?
False
Is 6176118062 prime?
False
Is 7852994311 composite?
False
Is 5607617213 composite?
True
Is 40643818463 a composite number?
False
Is 4018107733 composite?
True
Is 12799789763 a composite number?
False
Is 17760480823 composite?
False
Is 18846848179 a composite number?
True
Is 73193399 composite?
False
Is 20477699069 a composite number?
True
Is 10990528831 a prime number?
False
Is 762516005 prime?
False
Is 66507899093 a composite number?
True
Is 5017893159 composite?
True
Is 28889274406 composite?
True
Is 87939851 a prime number?
True
Is 255164633 composite?
False
Is 7991511041 a prime number?
False
Is 289726979 composite?
False
Is 5508142531 a prime number?
True
Is 98070518773 a composite number?
False
Is 6721847914 composite?
True
Is 2464253699 a composite number?
True
Is 17429717 composite?
False
Is 107204293361 a composite number?
True
Is 92275366441 a composite number?
False
Is 5395520549 composite?
False
Is 488597563 prime?
True
Is 22902899867 a prime number?
False
Is 47416804018 a composite number?
True
Is 34793477 prime?
False
Is 436675289 prime?
False
Is 521818751 composite?
False
Is 19879683701 prime?
True
Is 38761131 a prime number?
False
Is 641647547 composite?
True
Is 11239462777 composite?
False
Is 122767 a prime number?
False
Is 48566640001 a prime number?
False
Is 15799588777 a prime number?
False
Is 359933551 composite?
False
Is 2971154086 a composite number?
True
Is 24608587 a prime number?
False
Is 2550723745 composite?
True
Is 1722916627 a prime number?
True
Is 97968599 a composite number?
False
Is 15163046371 prime?
False
Is 209914335731 prime?
True
Is 2520612179 composite?
False
Is 6857890301 a prime number?
True
Is 33405396247 a composite number?
False
Is 9883333631 composite?
True
Is 2020571051 a composite number?
False
Is 1750466849 prime?
False
Is 3191194063 a prime number?
False
Is 8936664313 a prime number?
False
Is 559609543 prime?
False
Is 85028288029 a composite number?
False
Is 86062187857 prime?
False
Is 17204167423 composite?
False
Is 55280681789 composite?
False
Is 41416513273 a composite number?
True
Is 4350341473 prime?
True
Is 2059489057 a composite number?
True
Is 380071099 a prime number?
True
Is 21929082631 a prime number?
True
Is 15341125799 a prime number?
True
Is 3262576123 a composite number?
False
Is 49522453 a prime number?
False
Is 164548531253 a composite number?
False
Is 2200869523 a prime number?
False
Is 7028473187 composite?
True
Is 17911528757 prime?
False
Is 2469529583 a composite number?
False
Is 2913190429 a prime number?
True
Is 235439731 a composite number?
False
Is 20104137245 a composite number?
True
Is 2957062153 composite?
True
Is 2130999911 prime?
True
Is 3954350327 a prime number?
False
Is 31904249677 composite?
True
Is 1259014819 composite?
False
Is 3346249 prime?
False
Is 3311105423 composite?
False
Is 33608813521 a prime number?
False
Is 45222887 prime?
True
Is 172815487901 a composite number?
True
Is 74769578749 composite?
False
Is 712525861 composite?
True
Is 85458739 a prime number?
True
Is 9512671261 a prime number?
False
Is 402970279 prime?
False
Is 6439603189 prime?
True
Is 9742567 composite?
False
Is 393831913 prime?
True
Is 643076243 a prime number?
False
Is 21967341271 composite?